{"id":199,"date":"2024-01-27T21:39:40","date_gmt":"2024-01-27T20:39:40","guid":{"rendered":"https:\/\/helenafoto.cz\/?page_id=199"},"modified":"2024-01-31T12:16:05","modified_gmt":"2024-01-31T11:16:05","slug":"o-mne","status":"publish","type":"page","link":"https:\/\/helenafoto.cz\/?page_id=199","title":{"rendered":"O MN\u011a"},"content":{"rendered":"\t\t<div data-elementor-type=\"wp-page\" data-elementor-id=\"199\" class=\"elementor elementor-199\">\n\t\t\t\t\t\t\t<div class=\"elementor-element elementor-element-f3e80c9 e-con-full e-flex e-con e-parent\" data-id=\"f3e80c9\" data-element_type=\"container\" data-settings=\"{&quot;content_width&quot;:&quot;full&quot;,&quot;buzzblog_ext_is_background_parallax&quot;:&quot;false&quot;}\" data-core-v316-plus=\"true\">\n\t\t\t\t<div class=\"elementor-element elementor-element-bb13fb8 elementor-widget elementor-widget-image\" data-id=\"bb13fb8\" data-element_type=\"widget\" data-settings=\"{&quot;buzzblog_hidepaged&quot;:&quot;false&quot;,&quot;buzzblog_ext_is_smoove&quot;:&quot;false&quot;}\" data-widget_type=\"image.default\">\n\t\t\t\t<div class=\"elementor-widget-container\">\n\t\t\t<style>\/*! elementor - v3.18.0 - 20-12-2023 *\/\n.elementor-widget-image{text-align:center}.elementor-widget-image a{display:inline-block}.elementor-widget-image a img[src$=\".svg\"]{width:48px}.elementor-widget-image img{vertical-align:middle;display:inline-block}<\/style>\t\t\t\t\t\t\t\t\t\t\t\t<img decoding=\"async\" width=\"160\" height=\"160\" src=\"https:\/\/helenafoto.cz\/wp-content\/uploads\/2024\/01\/portrait-160x160.jpg\" class=\"attachment-thumbnail size-thumbnail wp-image-592\" alt=\"\" srcset=\"https:\/\/helenafoto.cz\/wp-content\/uploads\/2024\/01\/portrait-160x160.jpg 160w, https:\/\/helenafoto.cz\/wp-content\/uploads\/2024\/01\/portrait-140x140.jpg 140w, https:\/\/helenafoto.cz\/wp-content\/uploads\/2024\/01\/portrait-100x100.jpg 100w, https:\/\/helenafoto.cz\/wp-content\/uploads\/2024\/01\/portrait-90x90.jpg 90w, https:\/\/helenafoto.cz\/wp-content\/uploads\/2024\/01\/portrait-110x110.jpg 110w, https:\/\/helenafoto.cz\/wp-content\/uploads\/2024\/01\/portrait-320x320.jpg 320w\" sizes=\"(max-width: 160px) 100vw, 160px\" \/>\t\t\t\t\t\t\t\t\t\t\t\t\t\t\t<\/div>\n\t\t\t\t<\/div>\n\t\t\t\t<\/div>\n\t\t<div class=\"elementor-element elementor-element-2d5f5a8 e-flex e-con-boxed e-con e-parent\" data-id=\"2d5f5a8\" data-element_type=\"container\" data-settings=\"{&quot;content_width&quot;:&quot;boxed&quot;,&quot;buzzblog_ext_is_background_parallax&quot;:&quot;false&quot;}\" data-core-v316-plus=\"true\">\n\t\t\t\t\t<div class=\"e-con-inner\">\n\t\t\t\t<div class=\"elementor-element elementor-element-0ba5089 elementor-widget elementor-widget-text-editor\" data-id=\"0ba5089\" data-element_type=\"widget\" data-settings=\"{&quot;buzzblog_hidepaged&quot;:&quot;false&quot;,&quot;buzzblog_ext_is_smoove&quot;:&quot;false&quot;}\" data-widget_type=\"text-editor.default\">\n\t\t\t\t<div class=\"elementor-widget-container\">\n\t\t\t<style>\/*! elementor - v3.18.0 - 20-12-2023 *\/\n.elementor-widget-text-editor.elementor-drop-cap-view-stacked .elementor-drop-cap{background-color:#69727d;color:#fff}.elementor-widget-text-editor.elementor-drop-cap-view-framed .elementor-drop-cap{color:#69727d;border:3px solid;background-color:transparent}.elementor-widget-text-editor:not(.elementor-drop-cap-view-default) .elementor-drop-cap{margin-top:8px}.elementor-widget-text-editor:not(.elementor-drop-cap-view-default) .elementor-drop-cap-letter{width:1em;height:1em}.elementor-widget-text-editor .elementor-drop-cap{float:left;text-align:center;line-height:1;font-size:50px}.elementor-widget-text-editor .elementor-drop-cap-letter{display:inline-block}<\/style>\t\t\t\t<h6 style=\"text-align: center;\">Fotografuji pro radost va\u0161i i svou, fotografuji srdcem i du\u0161\u00ed. M\u00e1m r\u00e1da atmosf\u00e9ru a emoce, kter\u00e9 zachycuji ve sv\u00fdch fotografi\u00edch. Nab\u00edz\u00edm r\u016fzn\u00e9 akce v r\u00e1mci ro\u010dn\u00edch obdob\u00ed a t\u00e9mat, ale m\u016f\u017ee\u0161 si se mnou domluvit i individu\u00e1ln\u00ed fotografov\u00e1n\u00ed v pr\u016fb\u011bhu cel\u00e9ho roku, a\u0165 jsou to kreativn\u00ed \u010di byznys portr\u00e9ty, nebo d\u011bti, rodina, dom\u00e1c\u00ed mazl\u00ed\u010dci a dal\u0161\u00ed p\u0159\u00edle\u017eitosti.<\/h6>\n<p style=\"text-align: center;\">M\u00edsto p\u016fsoben\u00ed: \u0160t\u011btkovice u Sedl\u010dan. U v\u011bt\u0161\u00edch zak\u00e1zek nen\u00ed probl\u00e9m fotografovat v jin\u00fdch oblastech podle tv\u00fdch pot\u0159eb. K dipozici krom\u011b profesion\u00e1ln\u00ed fototechniky m\u00e1m tak\u00e9 akumul\u00e1torov\u00e9 z\u00e1bleskov\u00e9 gener\u00e1tory pro fotografov\u00e1n\u00ed v interi\u00e9rech i exteri\u00e9rech. Fotografie jsou upraveny v profesion\u00e1ln\u00ed kvalit\u011b, vyu\u017e\u00edv\u00e1m tak\u00e9 filma\u0159skou postprodukci v Cinematic stylu s 3D LUTs vyvinut\u00fdmi spole\u010dnost\u00ed Technicolor.<\/p>\n<p style=\"text-align: center;\">Kontaktovat mne m\u016f\u017ee\u0161 pomoc\u00ed formul\u00e1\u0159e zde dole, nebo Messengerem z m\u00e9ho Facebooku: <a href=\"https:\/\/www.facebook.com\/profile.php?id=100054994009695\">https:\/\/www.facebook.com\/profile.php?id=100054994009695<\/a><\/p>\t\t\t\t\t\t<\/div>\n\t\t\t\t<\/div>\n\t\t\t\t\t<\/div>\n\t\t\t\t<\/div>\n\t\t<div class=\"elementor-element elementor-element-bc81bb2 e-con-full e-flex e-con e-parent\" data-id=\"bc81bb2\" data-element_type=\"container\" data-settings=\"{&quot;content_width&quot;:&quot;full&quot;,&quot;buzzblog_ext_is_background_parallax&quot;:&quot;false&quot;}\" data-core-v316-plus=\"true\">\n\t\t\t\t<div class=\"elementor-element elementor-element-de6758f buzzblog-contact-form-7-button-custom elementor-widget elementor-widget-buzzblog-contact-form-7\" data-id=\"de6758f\" data-element_type=\"widget\" data-settings=\"{&quot;buzzblog_hidepaged&quot;:&quot;false&quot;,&quot;buzzblog_ext_is_smoove&quot;:&quot;false&quot;}\" data-widget_type=\"buzzblog-contact-form-7.default\">\n\t\t\t\t<div class=\"elementor-widget-container\">\n\t\t\t<div class=\"buzzblog-contact-form-7-wrapper buzzblog-contact-form buzzblog-contact-form-7 buzzblog-contact-form-de6758f buzzblog-contact-form-align-default\">\n                <div class=\"buzzblog-contact-form-7-inner\"><div class=\"buzzblog-contact-form-7-heading\"><h3 class=\"buzzblog-contact-form-title buzzblog-contact-form-7-title\">\n                                    Kontaktn\u00ed formul\u00e1\u0159:\n                                <\/h3><\/div>\n<div class=\"wpcf7 no-js\" id=\"wpcf7-f198-o1\" lang=\"cs-CZ\" dir=\"ltr\">\n<div class=\"screen-reader-response\"><p role=\"status\" aria-live=\"polite\" aria-atomic=\"true\"><\/p> <ul><\/ul><\/div>\n<form action=\"\/index.php?rest_route=%2Fwp%2Fv2%2Fpages%2F199#wpcf7-f198-o1\" method=\"post\" class=\"wpcf7-form init\" aria-label=\"Kontaktn\u00ed formul\u00e1\u0159\" novalidate=\"novalidate\" data-status=\"init\">\n<div style=\"display: none;\">\n<input type=\"hidden\" name=\"_wpcf7\" value=\"198\" \/>\n<input type=\"hidden\" name=\"_wpcf7_version\" value=\"5.8.6\" \/>\n<input type=\"hidden\" name=\"_wpcf7_locale\" value=\"cs_CZ\" \/>\n<input type=\"hidden\" name=\"_wpcf7_unit_tag\" value=\"wpcf7-f198-o1\" \/>\n<input type=\"hidden\" name=\"_wpcf7_container_post\" value=\"0\" \/>\n<input type=\"hidden\" name=\"_wpcf7_posted_data_hash\" value=\"\" \/>\n<\/div>\n<p><label> Va\u0161e jm\u00e9no<br \/>\n<span class=\"wpcf7-form-control-wrap\" data-name=\"your-name\"><input size=\"40\" class=\"wpcf7-form-control wpcf7-text wpcf7-validates-as-required\" autocomplete=\"name\" aria-required=\"true\" aria-invalid=\"false\" value=\"\" type=\"text\" name=\"your-name\" \/><\/span> <\/label>\n<\/p>\n<p><label> V\u00e1\u0161 e-mail<br \/>\n<span class=\"wpcf7-form-control-wrap\" data-name=\"your-email\"><input size=\"40\" class=\"wpcf7-form-control wpcf7-email wpcf7-validates-as-required wpcf7-text wpcf7-validates-as-email\" autocomplete=\"email\" aria-required=\"true\" aria-invalid=\"false\" value=\"\" type=\"email\" name=\"your-email\" \/><\/span> <\/label>\n<\/p>\n<p><label> P\u0159edm\u011bt<br \/>\n<span class=\"wpcf7-form-control-wrap\" data-name=\"your-subject\"><input size=\"40\" class=\"wpcf7-form-control wpcf7-text wpcf7-validates-as-required\" aria-required=\"true\" aria-invalid=\"false\" value=\"\" type=\"text\" name=\"your-subject\" \/><\/span> <\/label>\n<\/p>\n<p><label> Va\u0161e zpr\u00e1va (voliteln\u00fd)<br \/>\n<span class=\"wpcf7-form-control-wrap\" data-name=\"your-message\"><textarea cols=\"40\" rows=\"10\" class=\"wpcf7-form-control wpcf7-textarea\" aria-invalid=\"false\" name=\"your-message\"><\/textarea><\/span> <\/label>\n<\/p>\n<p><input class=\"wpcf7-form-control wpcf7-submit has-spinner\" type=\"submit\" value=\"Odeslat\" \/>\n<\/p><div class=\"wpcf7-response-output\" aria-hidden=\"true\"><\/div>\n<\/form>\n<\/div>\n<\/div>\n            <\/div>\t\t<\/div>\n\t\t\t\t<\/div>\n\t\t\t\t<\/div>\n\t\t\t\t\t\t\t<\/div>\n\t\t","protected":false},"excerpt":{"rendered":"<p>Fotografuji pro radost va\u0161i i svou, fotografuji srdcem i du\u0161\u00ed. M\u00e1m r\u00e1da atmosf\u00e9ru a emoce, kter\u00e9&#8230;<\/p>","protected":false},"author":2,"featured_media":0,"parent":0,"menu_order":0,"comment_status":"closed","ping_status":"closed","template":"","meta":{"footnotes":""},"class_list":["post-199","page","type-page","status-publish","hentry"],"_links":{"self":[{"href":"https:\/\/helenafoto.cz\/index.php?rest_route=\/wp\/v2\/pages\/199","targetHints":{"allow":["GET"]}}],"collection":[{"href":"https:\/\/helenafoto.cz\/index.php?rest_route=\/wp\/v2\/pages"}],"about":[{"href":"https:\/\/helenafoto.cz\/index.php?rest_route=\/wp\/v2\/types\/page"}],"author":[{"embeddable":true,"href":"https:\/\/helenafoto.cz\/index.php?rest_route=\/wp\/v2\/users\/2"}],"replies":[{"embeddable":true,"href":"https:\/\/helenafoto.cz\/index.php?rest_route=%2Fwp%2Fv2%2Fcomments&post=199"}],"version-history":[{"count":16,"href":"https:\/\/helenafoto.cz\/index.php?rest_route=\/wp\/v2\/pages\/199\/revisions"}],"predecessor-version":[{"id":596,"href":"https:\/\/helenafoto.cz\/index.php?rest_route=\/wp\/v2\/pages\/199\/revisions\/596"}],"wp:attachment":[{"href":"https:\/\/helenafoto.cz\/index.php?rest_route=%2Fwp%2Fv2%2Fmedia&parent=199"}],"curies":[{"name":"wp","href":"https:\/\/api.w.org\/{rel}","templated":true}]}}